is v(6)?
115
Let t(c) = 2*c**2 + 484*c - 157988. Give t(-427).
2
Let c(b) = -3*b**3 + 74*b**2 - 43*b + 613. Determine c(25).
-1087
Let m(v) = 188*v + 44413. What is m(-237)?
-143
Let x(r) = -r**3 + 21*r**2 + 201*r + 143. What is x(29)?
-756
Let c(j) = 91*j - 3023. What is c(2)?
-2841
Let y(n) = 18600*n + 130189. What is y(-7)?
-11
Let y(d) = -d**2 + 3154*d + 2282923. Give y(-607).
-4
Let f(w) = -35045*w - 210291. Calculate f(-6).
-21
Let z(l) = -142602*l**2 + 1568620*l + 17. Give z(11).
-5
Let o(z) = z**3 - 575*z - 4863. Give o(-10).
-113
Let c(y) = -y + 660. Determine c(-96).
756
Let r(t) = -4*t**3 - 51*t**2 + 19*t - 259. What is r(-16)?
2765
Let j(w) = -916*w**2 - 6427*w - 112. Give j(-7).
-7
Let a(t) = -t**3 - 77*t**2 + 35*t - 3422. What is a(-78)?
-68
Let b(s) = -s**3 - 2*s**2 + 369*s - 31. What is b(0)?
-31
Let i(u) = -u**3 + 13*u**2 + 174*u - 2108. Calculate i(14).
132
Let z(p) = -422*p - 11087. Determine z(-23).
-1381
Let t(u) = -35*u**3 + 1156*u**2 - 59*u + 1020. What is t(33)?
162
Let u(a) = -161*a**2 + 125733*a + 6243. Give u(781).
-5
Let d(c) = c**3 - 49*c**2 - 3767*c - 34172. Determine d(-11).
5
Let r(u) = 2*u**3 + 290*u**2 + 53*u + 7685. Determine r(-145).
0
Let h(f) = -677*f**2 - 198*f + 196. Determine h(1).
-679
Let b(o) = o**3 + 4*o**2 - 630*o - 3712. Calculate b(-6).
-4
Let b(v) = -v**2 - 2249*v - 216950. What is b(-101)?
-2
Let d(o) = -o**2 - 16421*o - 3468292. Determine d(-214).
6
Let d(a) = 2864*a - 17163. Give d(6).
21
Let o(v) = 2*v**2 - 146*v - 1301. Calculate o(77).
-685
Let j(l) = 2*l**2 - 463*l - 2115. Give j(236).
9
Let s(q) = -q**3 + 404*q**2 + 8908*q - 359. Determine s(-21).
-2
Let k(y) = 191990*y - 12479344. What is k(65)?
6
Let r(v) = -v**3 - 165*v**2 - 799*v + 424. Give r(-160).
264
Let a(u) = -3*u**3 - 9*u**2 - 1535*u + 3096. Calculate a(2).
-34
Let b(n) = 1994*n + 10010. Calculate b(-5).
40
Let a(l) = -3014*l + 18605. Determine a(6).
521
Let p(v) = -9*v**2 - 3535*v - 2735. Determine p(-392).
9
Let r(p) = -2710*p - 130080. Give r(-48).
0
Let f(r) = 21899*r - 2584083. What is f(118)?
-1
Let g(k) = 1845*k + 1818. What is g(-1)?
-27
Let f(g) = 3*g**3 - 4*g**2 + 1219*g + 6142. Determine f(-5).
-428
Let k(n) = 7*n**2 + 3330*n - 35335. Give k(-486).
-343
Let v(r) = -12640*r - 17228305. What is v(-1363)?
15
Let d(q) = q**3 - 1209*q**2 - 3813*q + 214522. Determine d(1212).
-2
Let w(u) = -u**3 - 267*u**2 - 3796*u - 4034. Calculate w(-252).
-2
Let y(f) = 2*f**3 + 68*f**2 - 55*f + 8. Calculate y(-35).
-517
Let i(l) = -28*l**3 + 453*l**2 - 6*l. Give i(16).
1184
Let h(r) = -r**3 - 356*r**2 - 139*r - 49486. Calculate h(-356).
-2
Let u(i) = -52*i**2 + 82*i - 161. Give u(2).
-205
Let i(t) = t**3 + 28*t**2 + 61*t + 6. Calculate i(-26).
-228
Let r(k) = 874*k - 12292. What is r(15)?
818
Let i(y) = y**3 + 16*y**2 - 4064*y + 439. What is i(56)?
-1353
Let n(z) = 70*z**3 + 202*z**2 - 32*z - 31. Determine n(-3).
-7
Let f(m) = 3*m**2 + 244*m - 534. Calculate f(-76).
-1750
Let t(s) = -199*s + 36457. Determine t(183).
40
Let a(q) = -q**3 + 1003*q**2 - 22534*q - 5883. What is a(980)?
-3
Let t(i) = -4*i**3 + 5*i**2 - 11045*i - 11050. Calculate t(-1).
4
Let c(s) = s**2 - 32377*s + 614795. Determine c(19).
-7
Let t(n) = n**2 - 8072*n - 1032945. Determine t(-126).
3
Let a(m) = -2*m**2 - 28775*m - 861440. Calculate a(-30).
10
Let x(o) = o**3 - 5*o**2 - 567*o + 47. What is x(-18)?
2801
Let m(l) = -13*l**2 - 323*l - 998. Determine m(-20).
262
Let z(h) = 5*h**3 - 154*h**2 - 15*h + 561. Give z(31).
1057
Let j(l) = -60513*l - 423583. Determine j(-7).
8
Let p(t) = t**3 - 645*t**2 - 7887*t - 32. What is p(-12)?
4
Let f(i) = 16*i**3 + 186*i**2 + 33*i + 319. Calculate f(-11).
1166
Let k(g) = 2037*g + 122260. Give k(-60).
40
Let g(f) = 25946*f + 207485. Calculate g(-8).
-83
Let m(n) = n**2 + 654*n + 22828. Calculate m(-37).
-1
Let o(h) = h**3 + 54*h**2 + 51*h - 558. Calculate o(-53).
-452
Let b(g) = 317*g - 7905. Determine b(27).
654
Let l(k) = -35*k**3 + 90*k**2 - 235*k + 387. Calculate l(2).
-3
Let l(k) = 5*k**2 - 48*k - 35. Determine l(16).
477
Let x(r) = -549*r + 43961. Give x(80).
41
Let a(j) = 19*j**2 - 7023*j - 7035. Determine a(-1).
7
Let a(z) = 6*z**2 - 32*z - 1685. Give a(20).
75
Let h(q) = 2*q**3 + 333*q**2 + 485*q - 1647. Give h(-165).
3
Let w(x) = -2*x**3 + 99*x**2 - 157*x + 5325. What is w(49)?
33
Let u(n) = -148*n**3 - 15*n**2 + 10. Determine u(2).
-1234
Let j(k) = -21*k**2 + 437*k - 79. What is j(19)?
643
Let x(h) = 33695*h - 67379. What is x(2)?
11
Let p(l) = -l**3 + 35*l**2 + 102*l - 9735. Give p(-15).
-15
Let u(z) = -11411*z - 559139. Calculate u(-49).
0
Let r(x) = -476*x**2 - 252746*x + 5310. Determine r(-531).
0
Let j(p) = p**3 + 4*p**2 + 10793*p + 32370. Give j(-3).
0
Let b(m) = -6*m**2 - 344*m - 3639. Determine b(-42).
225
Let t(b) = -51660*b + 154978. Calculate t(3).
-2
Let r(g) = -3140*g - 94906. Give r(-30).
-706
Let p(g) = g**2 + 125*g - 2526. Give p(-133).
-1462
Let z(u) = 20604*u + 40543. Determine z(-2).
-665
Let h(i) = -7*i**3 - 688*i**2 - 194*i + 311. Calculate h(-98).
115
Let a(v) = 5*v**3 + 43*v**2 + 290*v + 994. Give a(-5).
-6
Let n(f) = -7*f**2 - 14*f + 120. What is n(10)?
-720
Let x(f) = 23*f**2 + 71*f - 11706. Give x(21).
-72
Let r(h) = -1308*h - 6190. Give r(-4).
-958
Let k(r) = -r**2 - 112*r - 2616. Determine k(-58).
516
Let o(i) = 1308*i**2 + 1478*i + 186. Give o(-1).
16
Let z(f) = -3*f**2 - 673*f - 5442. Determine z(-8).
-250
Let n(c) = -2*c**3 + 20*c**2 - 269*c + 1085. Determine n(5).
-10
Let s(a) = -3*a**2 - 15223*a + 9. Determine s(0).
9
Let r(w) = w**2 - 1994*w + 313231. Calculate r(172).
-153
Let p(g) = 1110*g - 7288. What is p(7)?
482
Let w(d) = -200*d - 746. Determine w(-9).
1054
Let y(p) = 38*p**2 + 35*p - 243. Calculate y(7).
1864
Let s(y) = -23*y**2 + 7831*y - 23452. Give s(3).
-166
Let i(p) = -p**2 - 570*p - 37765. What is i(-75)?
-640
Let t(s) = s**3 - 18*s**2 - 165*s - 18. Give t(27).
2088
Let i(c) = -24217*c + 1622612. Calculate i(67).
73
Let r(l) = l**2 + 1197*l - 84684. What is r(67)?
4
Let h(q) = 597*q + 4037. Calculate h(-7).
-142
Let f(l) = -l**3 + 11*l**2 + 135*l - 1433. What is f(11)?
52
Let f(y) = -3*y**2 - 148*y - 1699. Determine f(-30).
41
Let s(f) = -2*f**3 + 41*f**2 + 52*f - 1196. What is s(18)?
1360
Let a(i) = 13116*i - 65575. Determine a(5).
5
Let q(a) = 25*a**2 + 823*a - 10816. What is q(-43)?
20
Let o(x) = 526*x**3 + 22*x**2 - 31*x - 147. Give o(-2).
-4205
Let a(j) = -j**3 + 58*j**2 + 4163*j - 234681. Calculate a(53).
3
Let g(p) = -2*p**3 - 83*p**2 - 560*p + 1210. Determine g(-11).
-11
Let t(b) = 8*b**3 - 10*b**2 - 27*b - 17. Calculate t(-1).
-8
Let a(l) = 8746*l - 131194. Determine a(15).
-4
Let y(a) = a**3 - 22*a**2 - 103*a + 2574. What is y(20)?
-286
Let m(u) = -14*u**2 + 245*u + 30. Calculate m(0).
30
Let l(a) = -26378*a + 237412. Determine l(9).
10
Let h(p) = -1904*p + 43777. What is h(23)?
-15
Let k(m) = 45551*m + 409879. Determine k(-9).
-80
Let k(y) = 12*y + 5731. What is k(-148)?
3955
Let h(x) = -690*x - 18675. What is h(-27)?
-45
Let s(t) = 236*t**2 - 1620*t + 4871. Give s(3).
2135
Let o(l) = -61*l**2 - 4106*l - 1262. Calculate o(-67).
11
Let j(p) = p**2 + 18*p + 1079. What is j(-29)?
1398
Let s(f) = 3*f**2 + 338*f + 8867. Give s(-41).
52
Let l(k) = -3972*k**2 - 7097*k - 7096. Give l(-1).
-3971
Let m(y) = -152*y**2 + 1371*y - 23. Calculate m(9).
4
Let j(r) = -2*r**3 - 108*r**2 - 663*r - 33. Determine j(-7).
2
Let j(n) = -2299*n - 41396. Give j(-18).
-14
Let q(c) = -19980*c - 1338670. Calculate q(-67).
-10
Let u(y) = -y**3 - 36*y**2 + 2*y + 2173. What is u(-34)?
-207
Let g(y) = y**3 - 35*y**2 - 509*y + 158. Give g(46).
20
Let p(x) = 420*x + 13074. Give p(-31).
54
Let d(x) = -1592*x - 4716. Calculate d(-3).
60
Let a(l) = -860*l**2 - 535*l + 533. Give a(1).
-862
Let r(n) = 3*n**2 - 279*n + 2823. Calculate r(13).
-297
Let y(c) = c**3 + 69*c**2 - 259*c + 2574. Give y(-73).
165
Let p(c) = 67*c**3 + 2480*c**2 + 44*c + 252. What is p(-37)?
-7
Let l(t) = 45*t**2 + 151571*t + 151572. What is l(-1)?
46
Let v(p) = -120*p**2 - 1568*p - 1545. Calculate v(-12).
-9
Let m(o) = -2*o**2 - 160*o + 2391. Give m(16).
-681
Let f(o) = 2*o**3 + 68*o**2 + 191*o + 260. What is f(-31)?
105
Let d(z) = 76994*z - 1077922. What is d(14)?
-6
Let i(u) = -2*u**3 - 14*u**2 - 206*u - 1614. What is i(-8)?